n divisor of 1598 and 11526.
34
What is the highest common factor of 539 and 11221?
49
What is the greatest common divisor of 117 and 29523?
39
What is the highest common divisor of 21027 and 129?
129
What is the highest common divisor of 4482 and 16102?
166
Calculate the greatest common divisor of 56574 and 28.
14
Calculate the greatest common factor of 7075 and 225.
25
Calculate the highest common divisor of 84 and 146244.
84
Calculate the greatest common divisor of 971 and 2504209.
971
Calculate the greatest common factor of 4 and 612428.
4
What is the highest common divisor of 64 and 23568?
16
What is the highest common divisor of 1052750 and 1250?
250
Calculate the highest common factor of 9676 and 36900.
164
What is the greatest common factor of 1062 and 230218?
118
What is the highest common factor of 105 and 172060?
35
What is the greatest common factor of 352 and 18384?
16
What is the highest common factor of 12042 and 24?
6
Calculate the highest common factor of 43 and 512689.
43
What is the greatest common divisor of 4122 and 6480?
18
What is the highest common divisor of 1897234 and 574?
82
Calculate the greatest common factor of 1614393 and 23.
23
Calculate the greatest common factor of 1039470 and 30.
30
Calculate the greatest common factor of 847 and 51359.
77
What is the highest common divisor of 2870 and 97006?
574
What is the greatest common factor of 4 and 4998?
2
Calculate the greatest common divisor of 400 and 470960.
80
Calculate the highest common factor of 376317 and 9.
9
What is the greatest common factor of 140096 and 20696?
1592
Calculate the greatest common divisor of 842215 and 110.
55
What is the greatest common divisor of 343 and 9653?
49
What is the greatest common divisor of 24047 and 1211?
173
What is the greatest common divisor of 917 and 3016275?
131
What is the highest common factor of 7820 and 20060?
340
What is the highest common factor of 257460 and 1680?
420
Calculate the greatest common factor of 202 and 153722.
202
Calculate the greatest common divisor of 4740 and 3240.
60
Calculate the highest common divisor of 1384 and 945964.
692
What is the highest common factor of 36 and 50103?
9
What is the highest common factor of 95023 and 334?
167
What is the highest common divisor of 248 and 29791?
31
Calculate the greatest common divisor of 44592 and 48.
48
Calculate the highest common factor of 10580 and 19780.
460
Calculate the greatest common divisor of 16882 and 138.
46
What is the highest common factor of 24817 and 368?
23
What is the greatest common factor of 144 and 7749?
9
What is the highest common divisor of 965 and 75077?
193
Calculate the greatest common divisor of 2220 and 24060.
60
What is the highest common divisor of 1298 and 34397?
649
Calculate the highest common divisor of 4411630 and 230.
230
What is the highest common divisor of 5562 and 1728?
54
What is the highest common divisor of 60 and 9795?
15
What is the greatest common factor of 10956 and 34716?
132
What is the greatest common factor of 13893 and 231?
33
Calculate the highest common divisor of 330 and 1632807.
33
Calculate the highest common divisor of 1173 and 16677.
51
What is the highest common factor of 217 and 42377?
31
Calculate the highest common divisor of 306656 and 8.
8
What is the highest common factor of 32704 and 494064?
1168
What is the highest common factor of 1059950 and 2175?
725
Calculate the greatest common divisor of 26 and 59813.
13
Calculate the greatest common factor of 8136 and 814617.
1017
Calculate the highest common factor of 812 and 686.
14
What is the highest common factor of 326235 and 717?
717
Calculate the greatest common factor of 92 and 2207011.
23
Calculate the highest common divisor of 248066 and 15886.
1222
What is the greatest common factor of 12947 and 11737?
121
Calculate the greatest common factor of 954918 and 4.
2
What is the greatest common factor of 606 and 19796?
202
Calculate the highest common factor of 14862 and 6.
6
What is the greatest common factor of 28 and 1057658?
14
What is the highest common factor of 16870 and 106522?
482
What is the highest common divisor of 578 and 26299?
289
What is the highest common divisor of 146793 and 6153?
879
What is the highest common factor of 1037046 and 614?
614
What is the greatest common divisor of 752 and 166576?
16
Calculate the highest common factor of 15810 and 186.
186
Calculate the greatest common divisor of 2209586 and 19.
19
What is the greatest common factor of 116 and 1508?
116
Calculate the greatest common factor of 3724 and 37316.
76
What is the greatest common divisor of 1275948 and 552?
276
Calculate the greatest common factor of 44 and 196.
4
What is the greatest common divisor of 605961 and 243?
81
What is the greatest common divisor of 24495 and 6785?
115
Calculate the highest common divisor of 77610 and 12350.
130
What is the greatest common divisor of 109123 and 2352?
49
Calculate the greatest common divisor of 22 and 49214.
22
Calculate the highest common divisor of 1336 and 104.
8
What is the highest common divisor of 632 and 1607966?
158
Calculate the greatest common factor of 28 and 37562.
14
Calculate the greatest common factor of 323074 and 536.
134
Calculate the highest common divisor of 2635 and 45152.
17
Calculate the highest common divisor of 548646 and 91.
7
What is the greatest common divisor of 14 and 247338?
14
What is the highest common factor of 858 and 22152?
78
Calculate the greatest common divisor of 22862 and 5152.
322
What is the greatest common divisor of 7952 and 2576?
112
What is the greatest common factor of 4945 and 2580?
215
What is the greatest common divisor of 390065 and 13?
13
Calculate the greatest common factor of 189 and 75789.
189
What is the greatest common divisor of 1645 and 105515?
235
What is the greatest common divisor of 370532 and 68?
68
What is the greatest common factor of 725 and 121000?
25
What is the greatest common factor of 150 and 5346?
6
Calculate the greatest common factor of 240329 and 469.
67
Calculate the greatest common factor of 1074610 and 738.
82
What is the highest common factor of 812508 and 36?
12
Calculate the highest common divisor of 350 and 6075.
25
What is the greatest common factor of 2558301 and 11697?
1671
What is the highest common factor of 43524 and 8370?
1674
What is the highest common divisor of 32889 and 4959?
57
What is the greatest common divisor of 232644 and 108?
12
What is the greatest common divisor of 52215 and 120?
15
What is the greatest common divisor of 270996 and 516?
12
Calculate the highest common divisor of 4047 and 164223.
213
What is the highest common divisor of 2618 and 68915?
77
What is the greatest common divisor of 1038345 and 434?
217
What is the greatest common divisor of 62898 and 132?
66
What is the greatest common factor of 1723587 and 3?
3
Calculate the greatest common factor of 8 and 126744.
8
What is the greatest common factor of 14 and 90139?
7
Calculate the greatest common factor of 105 and 148855.
35
Calculate the greatest common divisor of 34104 and 4008.
24
Calculate the greatest common factor of 375 and 87375.
375
Calculate the greatest common factor of 117800 and 380.
380
Calculate the greatest common factor of 71449 and 1652.
413
Calculate the highest common factor of 6 and 40128.
6
What is the highest common factor of 180 and 301880?
20
What is the greatest common factor of 12712 and 16408?
56
Calculate the greatest common divisor of 66126 and 824.
206
Calculate the highest common factor of 1240 and 146785.
155
What is the greatest common divisor of 52 and 402168?
52
What is the highest common factor of 162 and 1888407?
27
Calculate the highest common factor of 138 and 902474.
46
What is the highest common factor of 555 and 17385?
15
What is the highest common divisor of 45428 and 12?
4
What is the greatest common factor of 6956 and 17834?
74
Calculate the highest common factor of 159487 and 1333.
43
Calculate the greatest common factor of 6818 and 742.
14
What is the highest common factor of 12152 and 9800?
392
Calculate the greatest common factor of 4644 and 731.
43
What is the greatest common factor of 52485 and 330?
15
Calculate the highest common divisor of 35 and 596890.
35
What is the highest co